{"id":531,"date":"2025-09-30T12:56:16","date_gmt":"2025-09-30T12:56:16","guid":{"rendered":"https:\/\/fsea.fr\/?page_id=531"},"modified":"2025-09-30T13:37:19","modified_gmt":"2025-09-30T13:37:19","slug":"archipiades-1","status":"publish","type":"page","link":"https:\/\/fsea.fr\/index.php\/archipiades-1\/","title":{"rendered":"Archipiades 1"},"content":{"rendered":"<div data-colibri-id=\"531-c1\" class=\"style-512 style-local-531-c1 position-relative\">\n  <!---->\n  <div data-colibri-component=\"section\" data-colibri-id=\"531-c2\" id=\"initial-content\" class=\"h-section h-section-global-spacing d-flex align-items-lg-center align-items-md-center align-items-center style-513 style-local-531-c2 position-relative\">\n    <!---->\n    <!---->\n    <div class=\"h-section-grid-container h-section-boxed-container\">\n      <!---->\n      <div data-colibri-id=\"531-c16\" class=\"h-row-container gutters-row-lg-2 gutters-row-md-2 gutters-row-0 gutters-row-v-lg-2 gutters-row-v-md-2 gutters-row-v-2 style-527 style-local-531-c16 position-relative\">\n        <!---->\n        <div class=\"h-row justify-content-lg-center justify-content-md-center justify-content-center align-items-lg-stretch align-items-md-stretch align-items-stretch gutters-col-lg-2 gutters-col-md-2 gutters-col-0 gutters-col-v-lg-2 gutters-col-v-md-2 gutters-col-v-2\">\n          <!---->\n          <div class=\"h-column h-column-container d-flex h-col-lg-auto h-col-md-auto h-col-auto style-528-outer style-local-531-c17-outer\">\n            <div data-colibri-id=\"531-c17\" class=\"d-flex h-flex-basis h-column__inner h-px-lg-2 h-px-md-2 h-px-2 v-inner-lg-2 v-inner-md-2 v-inner-2 style-528 style-local-531-c17 position-relative\">\n              <!---->\n              <!---->\n              <div class=\"w-100 h-y-container h-column__content h-column__v-align flex-basis-100 align-self-lg-start align-self-md-start align-self-start\">\n                <!---->\n                <div data-colibri-id=\"531-c19\" class=\"h-global-transition-all h-heading style-530 style-local-531-c19 position-relative h-element\">\n                  <!---->\n                  <div class=\"h-heading__outer style-530 style-local-531-c19\">\n                    <!---->\n                    <!---->\n                    <h5 class=\"\">Archipiades 1<\/h5>\n                  <\/div>\n                <\/div>\n              <\/div>\n            <\/div>\n          <\/div>\n          <div class=\"h-column h-column-container d-flex h-col-lg-auto h-col-md-auto h-col-auto style-529-outer style-local-531-c18-outer\">\n            <div data-colibri-id=\"531-c18\" class=\"d-flex h-flex-basis h-column__inner h-ui-empty-state-container h-px-lg-2 h-px-md-2 h-px-2 v-inner-lg-2 v-inner-md-2 v-inner-2 style-529 style-local-531-c18 position-relative\">\n              <!---->\n              <!---->\n              <div class=\"w-100 h-y-container h-column__content h-column__v-align flex-basis-100\">\n                <!---->\n              <\/div>\n            <\/div>\n          <\/div>\n        <\/div>\n      <\/div>\n      <div data-colibri-id=\"531-c6\" class=\"h-row-container gutters-row-lg-2 gutters-row-md-2 gutters-row-0 gutters-row-v-lg-2 gutters-row-v-md-2 gutters-row-v-2 style-517 style-local-531-c6 position-relative\">\n        <!---->\n        <div class=\"h-row justify-content-lg-center justify-content-md-center justify-content-center align-items-lg-stretch align-items-md-stretch align-items-stretch gutters-col-lg-2 gutters-col-md-2 gutters-col-0 gutters-col-v-lg-2 gutters-col-v-md-2 gutters-col-v-2\">\n          <!---->\n          <div class=\"h-column h-column-container d-flex h-col-lg-auto h-col-md-auto h-col-auto style-518-outer style-local-531-c7-outer\">\n            <div data-colibri-id=\"531-c7\" class=\"d-flex h-flex-basis h-column__inner h-px-lg-2 h-px-md-2 h-px-2 v-inner-lg-2 v-inner-md-2 v-inner-2 style-518 style-local-531-c7 position-relative\">\n              <!---->\n              <!---->\n              <div class=\"w-100 h-y-container h-column__content h-column__v-align flex-basis-100 align-self-lg-start align-self-md-start align-self-start\">\n                <!---->\n                <div data-colibri-id=\"531-c10\" class=\"d-block style-521 style-local-531-c10 position-relative h-element\">\n                  <!---->\n                  <div class=\"h-image__frame-container-outer\">\n                    <div class=\"h-image__frame-container\">\n                      <!---->\n                      <!---->\n                      <img loading=\"lazy\" decoding=\"async\" width=\"786\" height=\"786\" src=\"http:\/\/fsea.fr\/wp-content\/uploads\/2025\/09\/cropped-Pictos_A1_1-1.png\" class=\"wp-image-585 style-521-image style-local-531-c10-image\" alt=\"\" srcset=\"https:\/\/fsea.fr\/wp-content\/uploads\/2025\/09\/cropped-Pictos_A1_1-1.png 786w, https:\/\/fsea.fr\/wp-content\/uploads\/2025\/09\/cropped-Pictos_A1_1-1-300x300.png 300w, https:\/\/fsea.fr\/wp-content\/uploads\/2025\/09\/cropped-Pictos_A1_1-1-150x150.png 150w, https:\/\/fsea.fr\/wp-content\/uploads\/2025\/09\/cropped-Pictos_A1_1-1-768x768.png 768w\" sizes=\"(max-width: 786px) 100vw, 786px\" \/>\n                      <div class=\"h-image__frame h-hide-lg h-hide-md h-hide-sm style-521-frameImage style-local-531-c10-frameImage\"><\/div>\n                    <\/div>\n                  <\/div>\n                <\/div>\n              <\/div>\n            <\/div>\n          <\/div>\n          <div class=\"h-column h-column-container d-flex h-col-lg-auto h-col-md-auto h-col-auto style-519-outer style-local-531-c8-outer\">\n            <div data-colibri-id=\"531-c8\" class=\"d-flex h-flex-basis h-column__inner h-px-lg-2 h-px-md-2 h-px-2 v-inner-lg-2 v-inner-md-2 v-inner-2 style-519 style-local-531-c8 position-relative\">\n              <!---->\n              <!---->\n              <div class=\"w-100 h-y-container h-column__content h-column__v-align flex-basis-100 align-self-lg-start align-self-md-start align-self-start\">\n                <!---->\n                <div data-colibri-id=\"531-c11\" class=\"d-block style-522 style-local-531-c11 position-relative h-element\">\n                  <!---->\n                  <div class=\"h-image__frame-container-outer\">\n                    <div class=\"h-image__frame-container\">\n                      <!---->\n                      <!---->\n                      <img loading=\"lazy\" decoding=\"async\" width=\"786\" height=\"786\" src=\"http:\/\/fsea.fr\/wp-content\/uploads\/2025\/09\/cropped-Pictos_A1_2-1.png\" class=\"wp-image-586 style-522-image style-local-531-c11-image\" alt=\"\" srcset=\"https:\/\/fsea.fr\/wp-content\/uploads\/2025\/09\/cropped-Pictos_A1_2-1.png 786w, https:\/\/fsea.fr\/wp-content\/uploads\/2025\/09\/cropped-Pictos_A1_2-1-300x300.png 300w, https:\/\/fsea.fr\/wp-content\/uploads\/2025\/09\/cropped-Pictos_A1_2-1-150x150.png 150w, https:\/\/fsea.fr\/wp-content\/uploads\/2025\/09\/cropped-Pictos_A1_2-1-768x768.png 768w\" sizes=\"(max-width: 786px) 100vw, 786px\" \/>\n                      <div class=\"h-image__frame h-hide-lg h-hide-md h-hide-sm style-522-frameImage style-local-531-c11-frameImage\"><\/div>\n                    <\/div>\n                  <\/div>\n                <\/div>\n              <\/div>\n            <\/div>\n          <\/div>\n          <div class=\"h-column h-column-container d-flex h-col-lg-auto h-col-md-auto h-col-auto style-523-outer style-local-531-c12-outer\">\n            <div data-colibri-id=\"531-c12\" class=\"d-flex h-flex-basis h-column__inner h-px-lg-2 h-px-md-2 h-px-2 v-inner-lg-2 v-inner-md-2 v-inner-2 style-523 style-local-531-c12 position-relative\">\n              <!---->\n              <!---->\n              <div class=\"w-100 h-y-container h-column__content h-column__v-align flex-basis-100 align-self-lg-start align-self-md-start align-self-start\">\n                <!---->\n                <div data-colibri-id=\"531-c14\" class=\"d-block style-525 style-local-531-c14 position-relative h-element\">\n                  <!---->\n                  <div class=\"h-image__frame-container-outer\">\n                    <div class=\"h-image__frame-container\">\n                      <!---->\n                      <!---->\n                      <img loading=\"lazy\" decoding=\"async\" width=\"786\" height=\"786\" src=\"http:\/\/fsea.fr\/wp-content\/uploads\/2025\/09\/cropped-Pictos_A1_3.png\" class=\"wp-image-587 style-525-image style-local-531-c14-image\" alt=\"\" srcset=\"https:\/\/fsea.fr\/wp-content\/uploads\/2025\/09\/cropped-Pictos_A1_3.png 786w, https:\/\/fsea.fr\/wp-content\/uploads\/2025\/09\/cropped-Pictos_A1_3-300x300.png 300w, https:\/\/fsea.fr\/wp-content\/uploads\/2025\/09\/cropped-Pictos_A1_3-150x150.png 150w, https:\/\/fsea.fr\/wp-content\/uploads\/2025\/09\/cropped-Pictos_A1_3-768x768.png 768w\" sizes=\"(max-width: 786px) 100vw, 786px\" \/>\n                      <div class=\"h-image__frame h-hide-lg h-hide-md h-hide-sm style-525-frameImage style-local-531-c14-frameImage\"><\/div>\n                    <\/div>\n                  <\/div>\n                <\/div>\n              <\/div>\n            <\/div>\n          <\/div>\n          <div class=\"h-column h-column-container d-flex h-col-lg-auto h-col-md-auto h-col-auto style-524-outer style-local-531-c13-outer\">\n            <div data-colibri-id=\"531-c13\" class=\"d-flex h-flex-basis h-column__inner h-px-lg-2 h-px-md-2 h-px-2 v-inner-lg-2 v-inner-md-2 v-inner-2 style-524 style-local-531-c13 position-relative\">\n              <!---->\n              <!---->\n              <div class=\"w-100 h-y-container h-column__content h-column__v-align flex-basis-100 align-self-lg-start align-self-md-start align-self-start\">\n                <!---->\n                <div data-colibri-id=\"531-c15\" class=\"d-block style-526 style-local-531-c15 position-relative h-element\">\n                  <!---->\n                  <div class=\"h-image__frame-container-outer\">\n                    <div class=\"h-image__frame-container\">\n                      <!---->\n                      <!---->\n                      <img loading=\"lazy\" decoding=\"async\" width=\"786\" height=\"786\" src=\"http:\/\/fsea.fr\/wp-content\/uploads\/2025\/09\/cropped-Pictos_A1_4.png\" class=\"wp-image-588 style-526-image style-local-531-c15-image\" alt=\"\" srcset=\"https:\/\/fsea.fr\/wp-content\/uploads\/2025\/09\/cropped-Pictos_A1_4.png 786w, https:\/\/fsea.fr\/wp-content\/uploads\/2025\/09\/cropped-Pictos_A1_4-300x300.png 300w, https:\/\/fsea.fr\/wp-content\/uploads\/2025\/09\/cropped-Pictos_A1_4-150x150.png 150w, https:\/\/fsea.fr\/wp-content\/uploads\/2025\/09\/cropped-Pictos_A1_4-768x768.png 768w\" sizes=\"(max-width: 786px) 100vw, 786px\" \/>\n                      <div class=\"h-image__frame h-hide-lg h-hide-md h-hide-sm style-526-frameImage style-local-531-c15-frameImage\"><\/div>\n                    <\/div>\n                  <\/div>\n                <\/div>\n              <\/div>\n            <\/div>\n          <\/div>\n        <\/div>\n      <\/div>\n      <div data-colibri-id=\"531-c3\" class=\"h-row-container gutters-row-lg-2 gutters-row-md-2 gutters-row-0 gutters-row-v-lg-2 gutters-row-v-md-2 gutters-row-v-2 style-514 style-local-531-c3 position-relative\">\n        <!---->\n        <div class=\"h-row justify-content-lg-center justify-content-md-center justify-content-center align-items-lg-stretch align-items-md-stretch align-items-stretch gutters-col-lg-2 gutters-col-md-2 gutters-col-0 gutters-col-v-lg-2 gutters-col-v-md-2 gutters-col-v-2\">\n          <!---->\n          <div class=\"h-column h-column-container d-flex h-col-lg-auto h-col-md-auto h-col-auto style-515-outer style-local-531-c4-outer\">\n            <div data-colibri-id=\"531-c4\" class=\"d-flex h-flex-basis h-column__inner h-px-lg-2 h-px-md-2 h-px-2 v-inner-lg-2 v-inner-md-2 v-inner-2 style-515 style-local-531-c4 position-relative\">\n              <!---->\n              <!---->\n              <div class=\"w-100 h-y-container h-column__content h-column__v-align flex-basis-100 align-self-lg-start align-self-md-start align-self-start\">\n                <!---->\n                <div data-colibri-id=\"531-c5\" class=\"style-516 style-local-531-c5 position-relative h-element\">\n                  <!---->\n                  <div>\n                    \n                    <p>La premi\u00e8re \u00e9dition des Archipiades s\u2019est tenue le 6 mai 2016 dans le parc de la Cit\u00e9 Universitaire \u00e0 Paris et a rassembl\u00e9 quelques 350 \u00e9tudiant.e.s provenant des \u00e9coles parisiennes. L\u2019\u00e9cole de Paris Val de Seine s\u2019est d\u00e9marqu\u00e9e et\n                      a remport\u00e9 le premier troph\u00e9e Archipiades.<\/p>\n                    \n\n                    \n                    <div class=\"wp-block-columns is-layout-flex wp-container-core-columns-is-layout-9d6595d7 wp-block-columns-is-layout-flex\">\n                      \n                      <div class=\"wp-block-column is-layout-flow wp-block-column-is-layout-flow\" style=\"flex-basis:100%\"><\/div>\n                      \n                    <\/div>\n                    \n\n                    \n                    <figure class=\"wp-block-image\">\n                      <img decoding=\"async\" src=\"https:\/\/fsea.fr\/wp-content\/uploads\/2020\/03\/12718015_470972713097475_2553292687947090201_n.jpg\" alt=\"\" class=\"wp-image-513\">\n                    <\/figure>\n                    \n\n                    \n                    <figure class=\"wp-block-embed is-type-video is-provider-youtube wp-block-embed-youtube wp-embed-aspect-16-9 wp-has-aspect-ratio\">\n                      <div class=\"wp-block-embed__wrapper\">\n                        <iframe loading=\"lazy\" title=\"RECAP - Archipiades 1 (2016)\" width=\"500\" height=\"281\" src=\"https:\/\/www.youtube.com\/embed\/1jjlWam6NM8?feature=oembed\" frameborder=\"0\" allow=\"accelerometer; autoplay; clipboard-write; encrypted-media; gyroscope; picture-in-picture; web-share\" referrerpolicy=\"strict-origin-when-cross-origin\" allowfullscreen><\/iframe>\n                      <\/div>\n                    <\/figure>\n                    \n\n                    \n                    <figure class=\"wp-block-embed is-type-rich is-provider-embed-handler wp-block-embed-embed-handler\">\n                      <div class=\"wp-block-embed__wrapper\">\n                        https:\/\/youtube.com\/watch?v=1jjlWam6NM8%3Ffeature%3Doembed\n                      <\/div>\n                    <\/figure>\n                    \n\n                    \n                    <h2 class=\"wp-block-heading\">R\u00e9sultats<\/h2>\n                    \n\n                    \n                    <figure class=\"wp-block-table\">\n                      <table class=\"has-fixed-layout\">\n                        <tbody>\n                          <tr>\n                            <td><strong>Classement<\/strong><\/td>\n                            <td><strong>Ecole<\/strong><\/td>\n                            <td><strong>Points<\/strong><\/td>\n                          <\/tr>\n                          <tr>\n                            <td>1<\/td>\n                            <td>Paris Val-de-Seine<\/td>\n                            <td>780<\/td>\n                          <\/tr>\n                          <tr>\n                            <td>2<\/td>\n                            <td>Marne-la-vall\u00e9e<\/td>\n                            <td>700<\/td>\n                          <\/tr>\n                          <tr>\n                            <td>2<\/td>\n                            <td>Paris Belleville<\/td>\n                            <td>700<\/td>\n                          <\/tr>\n                          <tr>\n                            <td>4<\/td>\n                            <td>Versailles<\/td>\n                            <td>520<\/td>\n                          <\/tr>\n                          <tr>\n                            <td>5<\/td>\n                            <td>Paris Malaquais<\/td>\n                            <td>440<\/td>\n                          <\/tr>\n                          <tr>\n                            <td>6<\/td>\n                            <td>Paris La Villette<\/td>\n                            <td>360<\/td>\n                          <\/tr>\n                          <tr>\n                            <td>7<\/td>\n                            <td>Paris ESA<\/td>\n                            <td>120<\/td>\n                          <\/tr>\n                        <\/tbody>\n                      <\/table>\n                    <\/figure>\n                    \n                  <\/div>\n                <\/div>\n              <\/div>\n            <\/div>\n          <\/div>\n        <\/div>\n      <\/div>\n    <\/div>\n  <\/div>\n<\/div>","protected":false},"excerpt":{"rendered":"<p>Archipiades 1 La premi\u00e8re \u00e9dition des Archipiades s\u2019est tenue le 6 mai 2016 dans le parc de la Cit\u00e9 Universitaire \u00e0 Paris et a rassembl\u00e9 quelques 350 \u00e9tudiant.e.s provenant des \u00e9coles parisiennes. L\u2019\u00e9cole de Paris Val de Seine s\u2019est d\u00e9marqu\u00e9e et a remport\u00e9 le premier troph\u00e9e Archipiades. R\u00e9sultats Classement Ecole Points 1 Paris Val-de-Seine 780 [&hellip;]<\/p>\n","protected":false},"author":1,"featured_media":0,"parent":0,"menu_order":0,"comment_status":"closed","ping_status":"closed","template":"page-templates\/full-width-page.php","meta":{"saved_in_kubio":false,"footnotes":""},"class_list":["post-531","page","type-page","status-publish","hentry"],"kubio_ai_page_context":{"short_desc":"","purpose":"general"},"_links":{"self":[{"href":"https:\/\/fsea.fr\/index.php\/wp-json\/wp\/v2\/pages\/531","targetHints":{"allow":["GET"]}}],"collection":[{"href":"https:\/\/fsea.fr\/index.php\/wp-json\/wp\/v2\/pages"}],"about":[{"href":"https:\/\/fsea.fr\/index.php\/wp-json\/wp\/v2\/types\/page"}],"author":[{"embeddable":true,"href":"https:\/\/fsea.fr\/index.php\/wp-json\/wp\/v2\/users\/1"}],"replies":[{"embeddable":true,"href":"https:\/\/fsea.fr\/index.php\/wp-json\/wp\/v2\/comments?post=531"}],"version-history":[{"count":6,"href":"https:\/\/fsea.fr\/index.php\/wp-json\/wp\/v2\/pages\/531\/revisions"}],"predecessor-version":[{"id":663,"href":"https:\/\/fsea.fr\/index.php\/wp-json\/wp\/v2\/pages\/531\/revisions\/663"}],"wp:attachment":[{"href":"https:\/\/fsea.fr\/index.php\/wp-json\/wp\/v2\/media?parent=531"}],"curies":[{"name":"wp","href":"https:\/\/api.w.org\/{rel}","templated":true}]}}