{"id":674,"date":"2025-09-30T13:44:47","date_gmt":"2025-09-30T13:44:47","guid":{"rendered":"https:\/\/fsea.fr\/?page_id=674"},"modified":"2025-09-30T15:53:22","modified_gmt":"2025-09-30T15:53:22","slug":"archipiades-4","status":"publish","type":"page","link":"https:\/\/fsea.fr\/index.php\/archipiades-4\/","title":{"rendered":"Archipiades 4"},"content":{"rendered":"\n<p>La quatri\u00e8me \u00e9dition des Archipiades s\u2019est d\u00e9roul\u00e9e pour la premi\u00e8re fois hors de Paris, plus pr\u00e9cis\u00e9ment au Kipstadium de Tourcoing les 20 et 21 avril 2019. Elle a rassembl\u00e9 pr\u00e8s de 1200 \u00e9tudiant.e.s mais c\u2019est encore une fois l\u2019\u00e9cole de Montpellier qui rentrera avec le troph\u00e9e !<\/p>\n\n\n\n<figure class=\"wp-block-image\"><img decoding=\"async\" src=\"https:\/\/fsea.fr\/wp-content\/uploads\/2020\/03\/Pictos_A4_1-150x150.png\" alt=\"\" class=\"wp-image-466\"\/><\/figure>\n\n\n\n<figure class=\"wp-block-image\"><img decoding=\"async\" src=\"https:\/\/fsea.fr\/wp-content\/uploads\/2020\/03\/Pictos_A4_2-150x150.png\" alt=\"\" class=\"wp-image-467\"\/><\/figure>\n\n\n\n<figure class=\"wp-block-image\"><img decoding=\"async\" src=\"https:\/\/fsea.fr\/wp-content\/uploads\/2020\/03\/Pictos_A4_3-150x150.png\" alt=\"\" class=\"wp-image-468\"\/><\/figure>\n\n\n\n<figure class=\"wp-block-image\"><img decoding=\"async\" src=\"https:\/\/fsea.fr\/wp-content\/uploads\/2020\/03\/Pictos_A4_4-150x150.png\" alt=\"\" class=\"wp-image-469\"\/><\/figure>\n\n\n\n<figure class=\"wp-block-image\"><img decoding=\"async\" src=\"https:\/\/fsea.fr\/wp-content\/uploads\/2020\/03\/COUVERTURE-FB-1024x709.png\" alt=\"\" class=\"wp-image-471\"\/><\/figure>\n\n\n\n<figure class=\"wp-block-embed aligncenter is-type-video is-provider-youtube wp-block-embed-youtube wp-embed-aspect-16-9 wp-has-aspect-ratio\"><div class=\"wp-block-embed__wrapper\">\n<iframe loading=\"lazy\" title=\"TEASER - Archipiades 4 (2019)\" width=\"500\" height=\"281\" src=\"https:\/\/www.youtube.com\/embed\/FU5e81mzIBU?feature=oembed\" frameborder=\"0\" allow=\"accelerometer; autoplay; clipboard-write; encrypted-media; gyroscope; picture-in-picture; web-share\" referrerpolicy=\"strict-origin-when-cross-origin\" allowfullscreen><\/iframe>\n<\/div><\/figure>\n\n\n\n<h2 class=\"wp-block-heading\">R\u00e9sultats<\/h2>\n\n\n\n<figure class=\"wp-block-table\"><table class=\"has-fixed-layout\"><tbody><tr><td><strong>Classement<\/strong><\/td><td><strong>Ecole<\/strong><\/td><td><strong>Points<\/strong><\/td><\/tr><tr><td>1<\/td><td>Montpellier<\/td><td>333<\/td><\/tr><tr><td>2<\/td><td>Bordeaux<\/td><td>254<\/td><\/tr><tr><td>3<\/td><td>Marne-la-vall\u00e9e<\/td><td>212<\/td><\/tr><tr><td>4<\/td><td>Paris La Villette<\/td><td>211<\/td><\/tr><tr><td>5<\/td><td>Bretagne<\/td><td>196<\/td><\/tr><tr><td>6<\/td><td>Paris Val-de-Seine<\/td><td>177<\/td><\/tr><tr><td>7<\/td><td>Grenoble<\/td><td>174<\/td><\/tr><tr><td>8<\/td><td>Versailles<\/td><td>154<\/td><\/tr><tr><td>9<\/td><td>Normandie<\/td><td>144<\/td><\/tr><tr><td>10<\/td><td>Marseille<\/td><td>143<\/td><\/tr><tr><td>11<\/td><td>Belleville<\/td><td>135<\/td><\/tr><tr><td>12<\/td><td>Clermont-Ferrand<\/td><td>128<\/td><\/tr><tr><td>13<\/td><td>Nantes<\/td><td>127<\/td><\/tr><tr><td>14<\/td><td>Saint-Etienne<\/td><td>117<\/td><\/tr><tr><td>15<\/td><td>Lille<\/td><td>110<\/td><\/tr><tr><td>16<\/td><td>Strasbourg<\/td><td>106<\/td><\/tr><tr><td>17<\/td><td>Paris ESA<\/td><td>66<\/td><\/tr><tr><td>18<\/td><td>Lyon<\/td><td>49<\/td><\/tr><tr><td>19<\/td><td>Paris Malaquais<\/td><td>37<\/td><\/tr><tr><td>20<\/td><td>Toulouse<\/td><td>23<\/td><\/tr><\/tbody><\/table><\/figure>\n","protected":false},"excerpt":{"rendered":"<p>La quatri\u00e8me \u00e9dition des Archipiades s\u2019est d\u00e9roul\u00e9e pour la premi\u00e8re fois hors de Paris, plus pr\u00e9cis\u00e9ment au Kipstadium de Tourcoing les 20 et 21 avril 2019. Elle a rassembl\u00e9 pr\u00e8s de 1200 \u00e9tudiant.e.s mais c\u2019est encore une fois l\u2019\u00e9cole de Montpellier qui rentrera avec le troph\u00e9e ! R\u00e9sultats Classement Ecole Points 1 Montpellier 333 2 [&hellip;]<\/p>\n","protected":false},"author":1,"featured_media":0,"parent":0,"menu_order":0,"comment_status":"closed","ping_status":"closed","template":"","meta":{"saved_in_kubio":false,"footnotes":""},"class_list":["post-674","page","type-page","status-publish","hentry"],"kubio_ai_page_context":{"short_desc":"","purpose":"general"},"_links":{"self":[{"href":"https:\/\/fsea.fr\/index.php\/wp-json\/wp\/v2\/pages\/674","targetHints":{"allow":["GET"]}}],"collection":[{"href":"https:\/\/fsea.fr\/index.php\/wp-json\/wp\/v2\/pages"}],"about":[{"href":"https:\/\/fsea.fr\/index.php\/wp-json\/wp\/v2\/types\/page"}],"author":[{"embeddable":true,"href":"https:\/\/fsea.fr\/index.php\/wp-json\/wp\/v2\/users\/1"}],"replies":[{"embeddable":true,"href":"https:\/\/fsea.fr\/index.php\/wp-json\/wp\/v2\/comments?post=674"}],"version-history":[{"count":2,"href":"https:\/\/fsea.fr\/index.php\/wp-json\/wp\/v2\/pages\/674\/revisions"}],"predecessor-version":[{"id":844,"href":"https:\/\/fsea.fr\/index.php\/wp-json\/wp\/v2\/pages\/674\/revisions\/844"}],"wp:attachment":[{"href":"https:\/\/fsea.fr\/index.php\/wp-json\/wp\/v2\/media?parent=674"}],"curies":[{"name":"wp","href":"https:\/\/api.w.org\/{rel}","templated":true}]}}