{"id":681,"date":"2025-09-30T13:48:59","date_gmt":"2025-09-30T13:48:59","guid":{"rendered":"https:\/\/fsea.fr\/?page_id=681"},"modified":"2025-09-30T13:48:59","modified_gmt":"2025-09-30T13:48:59","slug":"archipiades-7","status":"publish","type":"page","link":"https:\/\/fsea.fr\/index.php\/archipiades-7\/","title":{"rendered":"Archipiades 7"},"content":{"rendered":"\n<p>Les Archipiades ont fait leur come back ! Apr\u00e8s 2 ann\u00e9es compliqu\u00e9es suite \u00e0 la crise sanitaire, la FSEA a ressorti son plus grand \u00e9v\u00e9nement en annon\u00e7ant une nouvelle \u00e9dition des Archipiades. Ce retour a eu lieu \u00e0 la Plaine des Sports Collette Besson \u00e0 Bordeaux le 21 et 22 Avril 2022. Elle a rassembl\u00e9 plus de 2100 \u00e9tudiant.e.s (1500 sportifs, 526 supporters et 137 b\u00e9n\u00e9voles) venant des 21 \u00e9coles d\u2019architectures de France r\u00e9unies autour du sport.<\/p>\n\n\n\n<figure class=\"wp-block-image\"><img decoding=\"async\" src=\"https:\/\/fsea.fr\/wp-content\/uploads\/2022\/03\/image_d___ios-1024x1024.jpg\" alt=\"\" class=\"wp-image-820\"\/><\/figure>\n\n\n\n<figure class=\"wp-block-image\"><img decoding=\"async\" src=\"https:\/\/fsea.fr\/wp-content\/uploads\/2023\/02\/AP7_Participants-1.png\" alt=\"\" class=\"wp-image-1147\"\/><\/figure>\n\n\n\n<figure class=\"wp-block-image\"><img decoding=\"async\" src=\"https:\/\/fsea.fr\/wp-content\/uploads\/2022\/03\/AP7_Sports.png\" alt=\"\" class=\"wp-image-823\"\/><\/figure>\n\n\n\n<figure class=\"wp-block-image\"><img decoding=\"async\" src=\"https:\/\/fsea.fr\/wp-content\/uploads\/2022\/12\/21-%C3%A9coles.png\" alt=\"\" class=\"wp-image-1058\"\/><\/figure>\n\n\n\n<figure class=\"wp-block-image\"><img decoding=\"async\" src=\"https:\/\/fsea.fr\/wp-content\/uploads\/2022\/03\/affiche_1-1-724x1024.jpg\" alt=\"\" class=\"wp-image-825\"\/><\/figure>\n\n\n\n<figure class=\"wp-block-embed is-type-video is-provider-youtube wp-block-embed-youtube wp-embed-aspect-16-9 wp-has-aspect-ratio\"><div class=\"wp-block-embed__wrapper\">\n<iframe loading=\"lazy\" title=\"Teaser 1 Archipiades 7 #archipiades\" width=\"500\" height=\"281\" src=\"https:\/\/www.youtube.com\/embed\/_Ea0YP3p92I?feature=oembed\" frameborder=\"0\" allow=\"accelerometer; autoplay; clipboard-write; encrypted-media; gyroscope; picture-in-picture; web-share\" referrerpolicy=\"strict-origin-when-cross-origin\" allowfullscreen><\/iframe>\n<\/div><\/figure>\n\n\n\n<h2 class=\"wp-block-heading\">R\u00e9sultats : BORDEAUX Champions !!<\/h2>\n\n\n\n<figure class=\"wp-block-table\"><table class=\"has-fixed-layout\"><tbody><tr><td><strong>Classement<\/strong><\/td><td><strong>Ecole<\/strong><\/td><td><strong>Points<\/strong><\/td><\/tr><tr><td>1<\/td><td>Bordeaux<\/td><td>381<\/td><\/tr><tr><td>2<\/td><td>Paris-Est<\/td><td>350<\/td><\/tr><tr><td>3<\/td><td>Versailles<\/td><td>285<\/td><\/tr><tr><td>4<\/td><td>Montpellier<\/td><td>282<\/td><\/tr><tr><td>5<\/td><td>Grenoble<\/td><td>269<\/td><\/tr><tr><td>6<\/td><td>Paris La Villette<\/td><td>248<\/td><\/tr><tr><td>7<\/td><td>Marseille<\/td><td>237<\/td><\/tr><tr><td>7<\/td><td>Strasbourg<\/td><td>233<\/td><\/tr><tr><td>9<\/td><td>Lyon<\/td><td>206<\/td><\/tr><tr><td>10<\/td><td>Bretagne<\/td><td>199<\/td><\/tr><tr><td>11<\/td><td>Paris Malaquais<\/td><td>183<\/td><\/tr><tr><td>12<\/td><td>Nantes<\/td><td>178<\/td><\/tr><tr><td>13<\/td><td>Nancy<\/td><td>173<\/td><\/tr><tr><td>14<\/td><td>Saint-Etienne<\/td><td>166<\/td><\/tr><tr><td>15<\/td><td>Clermont-Ferrand<\/td><td>158<\/td><\/tr><tr><td>16<\/td><td>Toulouse<\/td><td>146<\/td><\/tr><tr><td>17<\/td><td>Paris Val-de-Seine<\/td><td>142<\/td><\/tr><tr><td>18<\/td><td>ESA<\/td><td>131<\/td><\/tr><tr><td>19<\/td><td>Paris Belleville<\/td><td>125<\/td><\/tr><tr><td>20<\/td><td>Normandie<\/td><td>116<\/td><\/tr><tr><td>21<\/td><td>Lille<\/td><td>112<\/td><\/tr><\/tbody><\/table><\/figure>\n\n\n\n<p><strong><a href=\"https:\/\/www.facebook.com\/media\/set\/?set=a.222635910091178&amp;type=3\" target=\"_blank\" rel=\"noreferrer noopener\">Phototh\u00e8que Archipiades 7<\/a><\/strong><\/p>\n","protected":false},"excerpt":{"rendered":"<p>Les Archipiades ont fait leur come back ! Apr\u00e8s 2 ann\u00e9es compliqu\u00e9es suite \u00e0 la crise sanitaire, la FSEA a ressorti son plus grand \u00e9v\u00e9nement en annon\u00e7ant une nouvelle \u00e9dition des Archipiades. Ce retour a eu lieu \u00e0 la Plaine des Sports Collette Besson \u00e0 Bordeaux le 21 et 22 Avril 2022. Elle a rassembl\u00e9 [&hellip;]<\/p>\n","protected":false},"author":1,"featured_media":0,"parent":0,"menu_order":0,"comment_status":"closed","ping_status":"closed","template":"","meta":{"saved_in_kubio":false,"footnotes":""},"class_list":["post-681","page","type-page","status-publish","hentry"],"kubio_ai_page_context":{"short_desc":"","purpose":"general"},"_links":{"self":[{"href":"https:\/\/fsea.fr\/index.php\/wp-json\/wp\/v2\/pages\/681","targetHints":{"allow":["GET"]}}],"collection":[{"href":"https:\/\/fsea.fr\/index.php\/wp-json\/wp\/v2\/pages"}],"about":[{"href":"https:\/\/fsea.fr\/index.php\/wp-json\/wp\/v2\/types\/page"}],"author":[{"embeddable":true,"href":"https:\/\/fsea.fr\/index.php\/wp-json\/wp\/v2\/users\/1"}],"replies":[{"embeddable":true,"href":"https:\/\/fsea.fr\/index.php\/wp-json\/wp\/v2\/comments?post=681"}],"version-history":[{"count":1,"href":"https:\/\/fsea.fr\/index.php\/wp-json\/wp\/v2\/pages\/681\/revisions"}],"predecessor-version":[{"id":683,"href":"https:\/\/fsea.fr\/index.php\/wp-json\/wp\/v2\/pages\/681\/revisions\/683"}],"wp:attachment":[{"href":"https:\/\/fsea.fr\/index.php\/wp-json\/wp\/v2\/media?parent=681"}],"curies":[{"name":"wp","href":"https:\/\/api.w.org\/{rel}","templated":true}]}}