{"id":727,"date":"2025-09-30T14:14:22","date_gmt":"2025-09-30T14:14:22","guid":{"rendered":"https:\/\/fsea.fr\/?page_id=727"},"modified":"2025-09-30T14:14:22","modified_gmt":"2025-09-30T14:14:22","slug":"archiglisse-9","status":"publish","type":"page","link":"https:\/\/fsea.fr\/index.php\/archiglisse-9\/","title":{"rendered":"Archiglisse 9"},"content":{"rendered":"\n<p><strong>En quelques chiffres<\/strong><\/p>\n\n\n\n<figure class=\"wp-block-image\"><img decoding=\"async\" src=\"https:\/\/fsea.fr\/wp-content\/uploads\/2023\/12\/Capture-decran-2023-12-09-125337.png\" alt=\"\" class=\"wp-image-2132\"\/><\/figure>\n\n\n\n<p><strong>Les grandes lignes<\/strong><\/p>\n\n\n\n<p>Du 03 au 10 F\u00e9vrier 2024, les skieurs \u00e9m\u00e9rites des \u00e9coles d\u2019architecture se retrouveront pour cette 9\u00e8me \u00e9dition d\u2019Archiglisse. Ils auront la chance de parcourir les pistes du Grand Domaine skiable de Valmorel tout au long de la semaine. Archiglisse grandit d\u2019ann\u00e9e en ann\u00e9e et c\u2019est pourquoi nous travaillons encore pour trouver une station qui puisse nous satisfaire et accueillir un maximum de participants pour cette \u00e9dition.<br>Les activit\u00e9s d\u00e9j\u00e0 en place lors des pr\u00e9c\u00e9dents \u00e9v\u00e9nements seront encore propos\u00e9es. Les d\u00e9fis mis en place lors d\u2019Archiglisse 8 seront \u00e9galement de la partie. Pour la 9eme \u00e9dition, de nouvelles activit\u00e9s seront mises en place comme la descente en\u00a0tout schuss\u00a0et des\u00a0olympiades\u00a0sur neige lors du dernier jour.<br>Les moments de convivialit\u00e9 tant attendus seront encore au rendez-vous. Afin d\u2019agr\u00e9menter ces derniers, le p\u00f4le partenariat travaille pour proposer diff\u00e9rents avantages aux participants.<\/p>\n\n\n\n<figure class=\"wp-block-image\"><img decoding=\"async\" src=\"https:\/\/fsea.fr\/wp-content\/uploads\/2023\/11\/Affiche_archiglisse_2024-724x1024.jpg\" alt=\"\" class=\"wp-image-1895\"\/><figcaption class=\"wp-element-caption\"><em>Affiche r\u00e9alis\u00e9e par Elouan Blandin &amp; Cl\u00e9ment Joret-Faure<\/em><\/figcaption><\/figure>\n\n\n\n<p>R\u00e9sultats<\/p>\n\n\n\n<figure class=\"wp-block-table\"><table class=\"has-fixed-layout\"><tbody><tr><td><strong>Classement<\/strong><\/td><td><strong>\u00c9cole<\/strong><\/td><td><strong>Participants<\/strong><\/td><td><strong>Points<\/strong><\/td><\/tr><tr><td>1<\/td><td>Lille<\/td><td>50<\/td><td>153<\/td><\/tr><tr><td>2<\/td><td>Paris La Villette<\/td><td>75<\/td><td>151<\/td><\/tr><tr><td>3<\/td><td>ESA<\/td><td>45<\/td><td>133<\/td><\/tr><tr><td>4<\/td><td>Paris Belleville<\/td><td>46<\/td><td>109<\/td><\/tr><tr><td>5<\/td><td>Paris Val-de-Seine<\/td><td>39<\/td><td>89<\/td><\/tr><tr><td>6<\/td><td>Normandie<\/td><td>33<\/td><td>65<\/td><\/tr><tr><td>7<\/td><td>Versailles<\/td><td>6<\/td><td>21<\/td><\/tr><tr><td>8<\/td><td>Nancy<\/td><td>4<\/td><td>19<\/td><\/tr><tr><td>9<\/td><td>Bretagne<\/td><td>12<\/td><td>10<\/td><\/tr><\/tbody><\/table><\/figure>\n","protected":false},"excerpt":{"rendered":"<p>En quelques chiffres Les grandes lignes Du 03 au 10 F\u00e9vrier 2024, les skieurs \u00e9m\u00e9rites des \u00e9coles d\u2019architecture se retrouveront pour cette 9\u00e8me \u00e9dition d\u2019Archiglisse. Ils auront la chance de parcourir les pistes du Grand Domaine skiable de Valmorel tout au long de la semaine. Archiglisse grandit d\u2019ann\u00e9e en ann\u00e9e et c\u2019est pourquoi nous travaillons [&hellip;]<\/p>\n","protected":false},"author":1,"featured_media":0,"parent":0,"menu_order":0,"comment_status":"closed","ping_status":"closed","template":"","meta":{"saved_in_kubio":false,"footnotes":""},"class_list":["post-727","page","type-page","status-publish","hentry"],"kubio_ai_page_context":{"short_desc":"","purpose":"general"},"_links":{"self":[{"href":"https:\/\/fsea.fr\/index.php\/wp-json\/wp\/v2\/pages\/727","targetHints":{"allow":["GET"]}}],"collection":[{"href":"https:\/\/fsea.fr\/index.php\/wp-json\/wp\/v2\/pages"}],"about":[{"href":"https:\/\/fsea.fr\/index.php\/wp-json\/wp\/v2\/types\/page"}],"author":[{"embeddable":true,"href":"https:\/\/fsea.fr\/index.php\/wp-json\/wp\/v2\/users\/1"}],"replies":[{"embeddable":true,"href":"https:\/\/fsea.fr\/index.php\/wp-json\/wp\/v2\/comments?post=727"}],"version-history":[{"count":1,"href":"https:\/\/fsea.fr\/index.php\/wp-json\/wp\/v2\/pages\/727\/revisions"}],"predecessor-version":[{"id":728,"href":"https:\/\/fsea.fr\/index.php\/wp-json\/wp\/v2\/pages\/727\/revisions\/728"}],"wp:attachment":[{"href":"https:\/\/fsea.fr\/index.php\/wp-json\/wp\/v2\/media?parent=727"}],"curies":[{"name":"wp","href":"https:\/\/api.w.org\/{rel}","templated":true}]}}