{"id":729,"date":"2025-09-30T14:15:11","date_gmt":"2025-09-30T14:15:11","guid":{"rendered":"https:\/\/fsea.fr\/?page_id=729"},"modified":"2025-09-30T14:15:11","modified_gmt":"2025-09-30T14:15:11","slug":"archiglisse-10","status":"publish","type":"page","link":"https:\/\/fsea.fr\/index.php\/archiglisse-10\/","title":{"rendered":"Archiglisse 10"},"content":{"rendered":"\n<p><strong>Les grandes lignes<\/strong><\/p>\n\n\n\n<p>Du 1 au 8 F\u00e9vrier 2025, les participants de la 10\u00e8me \u00e9dition d\u2019Archiglisse auront la chance de parcourir les pistes de la Foux d\u2019Allos Praloup !<br>Cette ann\u00e9e, voici un petit aper\u00e7u pour ceux qui seraient curieux d\u2019en savoir plus.<\/p>\n\n\n\n<p>L\u2019incontournable&nbsp;<strong>slalom&nbsp;<\/strong>est de retour, une \u00e9preuve m\u00ealant vitesse et maniabilit\u00e9 alors skieur\/ses et snowborders\/euses, \u00e0 vos marques, pr\u00eats, skiez !<\/p>\n\n\n\n<p>Le&nbsp;<strong>freestyle<\/strong>, les cascadeur\/ses, la piste sera \u00e0 vous pour d\u00e9montrer vos figures !<\/p>\n\n\n\n<p>Le&nbsp;<strong>tout schuss<\/strong>&nbsp;revient cette ann\u00e9e pour les amateurs de vitesse et de sensations !<\/p>\n\n\n\n<p>Bien s\u00fbr, on vous r\u00e9serve d\u2019autres surprises\u2026<\/p>\n\n\n\n<p><\/p>\n\n\n\n<figure class=\"wp-block-image\"><img decoding=\"async\" src=\"https:\/\/fsea.fr\/wp-content\/uploads\/2024\/11\/affiche-ag10-bds.png\" alt=\"\" class=\"wp-image-3089\"\/><figcaption class=\"wp-element-caption\"><em>Affiche r\u00e9alis\u00e9e par Juliette Bain<\/em>&nbsp;<em>&amp; Mathilde Artero<\/em><\/figcaption><\/figure>\n","protected":false},"excerpt":{"rendered":"<p>Les grandes lignes Du 1 au 8 F\u00e9vrier 2025, les participants de la 10\u00e8me \u00e9dition d\u2019Archiglisse auront la chance de parcourir les pistes de la Foux d\u2019Allos Praloup !Cette ann\u00e9e, voici un petit aper\u00e7u pour ceux qui seraient curieux d\u2019en savoir plus. L\u2019incontournable&nbsp;slalom&nbsp;est de retour, une \u00e9preuve m\u00ealant vitesse et maniabilit\u00e9 alors skieur\/ses et snowborders\/euses, [&hellip;]<\/p>\n","protected":false},"author":1,"featured_media":0,"parent":0,"menu_order":0,"comment_status":"closed","ping_status":"closed","template":"","meta":{"saved_in_kubio":false,"footnotes":""},"class_list":["post-729","page","type-page","status-publish","hentry"],"kubio_ai_page_context":{"short_desc":"","purpose":"general"},"_links":{"self":[{"href":"https:\/\/fsea.fr\/index.php\/wp-json\/wp\/v2\/pages\/729","targetHints":{"allow":["GET"]}}],"collection":[{"href":"https:\/\/fsea.fr\/index.php\/wp-json\/wp\/v2\/pages"}],"about":[{"href":"https:\/\/fsea.fr\/index.php\/wp-json\/wp\/v2\/types\/page"}],"author":[{"embeddable":true,"href":"https:\/\/fsea.fr\/index.php\/wp-json\/wp\/v2\/users\/1"}],"replies":[{"embeddable":true,"href":"https:\/\/fsea.fr\/index.php\/wp-json\/wp\/v2\/comments?post=729"}],"version-history":[{"count":1,"href":"https:\/\/fsea.fr\/index.php\/wp-json\/wp\/v2\/pages\/729\/revisions"}],"predecessor-version":[{"id":730,"href":"https:\/\/fsea.fr\/index.php\/wp-json\/wp\/v2\/pages\/729\/revisions\/730"}],"wp:attachment":[{"href":"https:\/\/fsea.fr\/index.php\/wp-json\/wp\/v2\/media?parent=729"}],"curies":[{"name":"wp","href":"https:\/\/api.w.org\/{rel}","templated":true}]}}